{"id":7,"date":"2018-09-22T15:29:53","date_gmt":"2018-09-22T15:29:53","guid":{"rendered":"http:\/\/preview.bsv-93.de\/?page_id=7"},"modified":"2026-03-12T13:30:08","modified_gmt":"2026-03-12T12:30:08","slug":"nachwuchs","status":"publish","type":"page","link":"https:\/\/bsv93magdeburg.de\/?page_id=7","title":{"rendered":"Nachwuchs"},"content":{"rendered":"<h3>M\u00e4nnlich<\/h3>\n<p><a href=\"https:\/\/bsv93magdeburg.de\/\/mja\/\">M\u00e4nnliche A-Jugend<\/a><\/p>\n<p><a href=\"https:\/\/bsv93magdeburg.de\/\/mjb\/\">M\u00e4nnliche B-Jugend 1<\/a><\/p>\n<p><a href=\"https:\/\/bsv93magdeburg.de\/mjb2\/\">M\u00e4nnliche B-Jugend 2<\/a><\/p>\n<p><a href=\"https:\/\/bsv93magdeburg.de\/\/mjc\/\">M\u00e4nnliche C-Jugend 1<\/a><\/p>\n<p><a href=\"http:\/\/bsv93magdeburg.de\/mjc2\">M\u00e4nnliche C-Jugend 2<\/a><\/p>\n<p>M\u00e4nnliche C-Jugend 3<\/p>\n<p><a href=\"https:\/\/bsv93magdeburg.de\/\/mjd\/\">M\u00e4nnliche D-Jugend 1<\/a><\/p>\n<p><a href=\"https:\/\/bsv93magdeburg.de\/maennliche-d-jugend-2\/\">M\u00e4nnliche D-Jugend 2<\/a><\/p>\n<p><a href=\"https:\/\/bsv93magdeburg.de\/?page_id=5008\">M\u00e4nnliche D-Jugend 3<\/a><\/p>\n<p><a href=\"https:\/\/bsv93magdeburg.de\/maennliche-e-jugend-1-2\/\">M\u00e4nnliche E-Jugend 1<\/a><\/p>\n<p><a href=\"https:\/\/bsv93magdeburg.de\/maennliche-e-jugend-2-3\/\">M\u00e4nnliche E-Jugend 2<\/a><\/p>\n<h3>Weiblich<\/h3>\n<p>Weibliche A-Jugend<\/p>\n<p><a href=\"https:\/\/bsv93magdeburg.de\/?page_id=137\">Weibliche C-Jugend<\/a><\/p>\n<p><a href=\"https:\/\/bsv93magdeburg.de\/\/weibliche-d-jugend\/\">Weibliche D-Jugend<\/a><\/p>\n<p><a href=\"https:\/\/bsv93magdeburg.de\/\/weibliche-e-jugend\/\">Weibliche E-Jugend<\/a><\/p>\n<h4>Minis (Mixed)<\/h4>\n\n\n<p>Weibliche E- Jugend II<\/p>\n","protected":false},"excerpt":{"rendered":"<p>M\u00e4nnlich M\u00e4nnliche A-Jugend M\u00e4nnliche B-Jugend 1 M\u00e4nnliche B-Jugend 2 M\u00e4nnliche C-Jugend 1 M\u00e4nnliche C-Jugend 2 M\u00e4nnliche C-Jugend 3 M\u00e4nnliche D-Jugend 1 M\u00e4nnliche D-Jugend 2 M\u00e4nnliche D-Jugend 3 M\u00e4nnliche E-Jugend 1&#8230;<\/p>\n","protected":false},"author":10,"featured_media":0,"parent":0,"menu_order":0,"comment_status":"closed","ping_status":"closed","template":"","meta":{"advgb_blocks_editor_width":"","advgb_blocks_columns_visual_guide":"","footnotes":""},"class_list":["post-7","page","type-page","status-publish","hentry","entry"],"coauthors":[],"author_meta":{"author_link":"https:\/\/bsv93magdeburg.de\/?author=10","display_name":"Jens Ziegler"},"relative_dates":{"created":"Ver\u00f6ffentlicht 8\u00a0Jahren vor","modified":"Aktualisiert 1\u00a0Monat vor"},"absolute_dates":{"created":"Ver\u00f6ffentlicht am 22. September 2018","modified":"Aktualisiert am 12. M\u00e4rz 2026"},"absolute_dates_time":{"created":"Ver\u00f6ffentlicht am 22. September 2018 15:29","modified":"Aktualisiert am 12. M\u00e4rz 2026 13:30"},"featured_img_caption":"","featured_img":false,"series_order":"","_links":{"self":[{"href":"https:\/\/bsv93magdeburg.de\/index.php?rest_route=\/wp\/v2\/pages\/7","targetHints":{"allow":["GET"]}}],"collection":[{"href":"https:\/\/bsv93magdeburg.de\/index.php?rest_route=\/wp\/v2\/pages"}],"about":[{"href":"https:\/\/bsv93magdeburg.de\/index.php?rest_route=\/wp\/v2\/types\/page"}],"author":[{"embeddable":true,"href":"https:\/\/bsv93magdeburg.de\/index.php?rest_route=\/wp\/v2\/users\/10"}],"replies":[{"embeddable":true,"href":"https:\/\/bsv93magdeburg.de\/index.php?rest_route=%2Fwp%2Fv2%2Fcomments&post=7"}],"version-history":[{"count":17,"href":"https:\/\/bsv93magdeburg.de\/index.php?rest_route=\/wp\/v2\/pages\/7\/revisions"}],"predecessor-version":[{"id":5860,"href":"https:\/\/bsv93magdeburg.de\/index.php?rest_route=\/wp\/v2\/pages\/7\/revisions\/5860"}],"wp:attachment":[{"href":"https:\/\/bsv93magdeburg.de\/index.php?rest_route=%2Fwp%2Fv2%2Fmedia&parent=7"}],"curies":[{"name":"wp","href":"https:\/\/api.w.org\/{rel}","templated":true}]}}