{"id":5021,"date":"2025-10-29T20:37:46","date_gmt":"2025-10-29T19:37:46","guid":{"rendered":"https:\/\/bsv93magdeburg.de\/?page_id=5021"},"modified":"2026-04-20T20:40:43","modified_gmt":"2026-04-20T18:40:43","slug":"2-maenner-2","status":"publish","type":"page","link":"https:\/\/bsv93magdeburg.de\/?page_id=5021","title":{"rendered":"2. M\u00e4nner"},"content":{"rendered":"\n<p>Foto folgt<\/p>\n\n\n\n<div class=\"wp-block-columns has-2-columns is-layout-flex wp-container-core-columns-is-layout-9d6595d7 wp-block-columns-is-layout-flex\">\n<div class=\"wp-block-column is-layout-flow wp-block-column-is-layout-flow\">\n<p><strong>Ansprechpartner<\/strong><\/p>\n\n\n\n<figure class=\"wp-block-image size-full\"><img loading=\"lazy\" decoding=\"async\" width=\"128\" height=\"128\" src=\"https:\/\/bsv93magdeburg.de\/wp-content\/uploads\/2025\/10\/IMG_1750-e1761992802621.jpeg\" alt=\"\" class=\"wp-image-5101\"\/><\/figure>\n\n\n\n<p>Trainer: Peter Dietze 0171-3229762<\/p>\n\n\n\n<figure class=\"wp-block-image size-full\"><img loading=\"lazy\" decoding=\"async\" width=\"128\" height=\"128\" src=\"https:\/\/bsv93magdeburg.de\/wp-content\/uploads\/2025\/10\/IMG_1750-e1761992802621.jpeg\" alt=\"\" class=\"wp-image-5101\"\/><\/figure>\n\n\n\n<p>Co-Trainer:&nbsp; Thorsten Lantzsch<br><br><\/p>\n<\/div>\n\n\n\n<div class=\"wp-block-column is-layout-flow wp-block-column-is-layout-flow\">\n<p><strong>Trainingszeiten<br><\/strong>Freitag 20:00-21:30 SH AEG<\/p>\n\n\n\n<p><strong>Saisonziel<\/strong><\/p>\n\n\n\n<p>In der Saison 2025\/26 ist der Verein froh, nach langer Zeit wieder eine 2. Mannschaft in der Bezirksoberliga stellen zu k\u00f6nnen. Das noch junge Team wird durch erfahrene alte Hasen erg\u00e4nzt. Ziel ist es erste Erfahrungen im M\u00e4nnerbereich zu sammeln und perspektivisch die \"Jungen Wilden\" an die 1. M\u00e4nnermannschaft heranzuf\u00fchren. F\u00fcr die Saison will man sich im Bezirk Nord etablieren.<\/p>\n\n\n\n<p><strong>Links<\/strong><\/p>\n<\/div>\n<\/div>\n\n\n\n<p><strong>Tabelle Bezirksoberliga Nord M\u00e4nner<\/strong><\/p>\n\n\n\n<script> (function(e,t,n,r,i,s,o){e[i]=e[i]||function(){(e[i].q=e[i].q||[]).push(arguments)}, e[i].l=1*new Date;s=t.createElement(n),o=t.getElementsByTagName(n)[0];s.async=1; s.src=r;o.parentNode.insertBefore(s,o)})(window,document,\"script\", 'https:\/\/www.handball.net\/widgets\/embed\/v1.js',\"_hb\"); <\/script>\n<div id='handball-tabelle'><\/div>\n<script> _hb({ widget: 'tabelle', teamId: 'nuliga.hvsa.1655625', container: 'handball-tabelle' }) <\/script>\n\n\n\n<script> (function(e,t,n,r,i,s,o){e[i]=e[i]||function(){(e[i].q=e[i].q||[]).push(arguments)}, e[i].l=1*new Date;s=t.createElement(n),o=t.getElementsByTagName(n)[0];s.async=1; s.src=r;o.parentNode.insertBefore(s,o)})(window,document,\"script\", 'https:\/\/www.handball.net\/widgets\/embed\/v1.js',\"_hb\"); <\/script>\n<div id='handball-spielplan'><\/div>\n<script> _hb({ widget: 'spielplan', teamId: 'nuliga.hvsa.1655625', container: 'handball-spielplan' }) <\/script>\n","protected":false},"excerpt":{"rendered":"<p>Foto folgt Ansprechpartner Trainer: Peter Dietze 0171-3229762 Co-Trainer:&nbsp; Thorsten Lantzsch TrainingszeitenFreitag 20:00-21:30 SH AEG Saisonziel In der Saison 2025\/26 ist der Verein froh, nach langer Zeit wieder eine 2. Mannschaft&#8230;<\/p>\n","protected":false},"author":20,"featured_media":0,"parent":0,"menu_order":0,"comment_status":"closed","ping_status":"closed","template":"","meta":{"advgb_blocks_editor_width":"","advgb_blocks_columns_visual_guide":"","footnotes":""},"class_list":["post-5021","page","type-page","status-publish","hentry","entry"],"coauthors":[],"author_meta":{"author_link":"https:\/\/bsv93magdeburg.de\/?author=20","display_name":"Kevin Klingler"},"relative_dates":{"created":"Ver\u00f6ffentlicht 6\u00a0Monaten vor","modified":"Aktualisiert 1\u00a0Woche vor"},"absolute_dates":{"created":"Ver\u00f6ffentlicht am 29. Oktober 2025","modified":"Aktualisiert am 20. April 2026"},"absolute_dates_time":{"created":"Ver\u00f6ffentlicht am 29. Oktober 2025 20:37","modified":"Aktualisiert am 20. April 2026 20:40"},"featured_img_caption":"","featured_img":false,"series_order":"","_links":{"self":[{"href":"https:\/\/bsv93magdeburg.de\/index.php?rest_route=\/wp\/v2\/pages\/5021","targetHints":{"allow":["GET"]}}],"collection":[{"href":"https:\/\/bsv93magdeburg.de\/index.php?rest_route=\/wp\/v2\/pages"}],"about":[{"href":"https:\/\/bsv93magdeburg.de\/index.php?rest_route=\/wp\/v2\/types\/page"}],"author":[{"embeddable":true,"href":"https:\/\/bsv93magdeburg.de\/index.php?rest_route=\/wp\/v2\/users\/20"}],"replies":[{"embeddable":true,"href":"https:\/\/bsv93magdeburg.de\/index.php?rest_route=%2Fwp%2Fv2%2Fcomments&post=5021"}],"version-history":[{"count":9,"href":"https:\/\/bsv93magdeburg.de\/index.php?rest_route=\/wp\/v2\/pages\/5021\/revisions"}],"predecessor-version":[{"id":5311,"href":"https:\/\/bsv93magdeburg.de\/index.php?rest_route=\/wp\/v2\/pages\/5021\/revisions\/5311"}],"wp:attachment":[{"href":"https:\/\/bsv93magdeburg.de\/index.php?rest_route=%2Fwp%2Fv2%2Fmedia&parent=5021"}],"curies":[{"name":"wp","href":"https:\/\/api.w.org\/{rel}","templated":true}]}}