{"id":237,"date":"2018-09-28T07:51:24","date_gmt":"2018-09-28T07:51:24","guid":{"rendered":"http:\/\/preview.bsv-93.de\/?page_id=237"},"modified":"2025-10-29T20:45:07","modified_gmt":"2025-10-29T19:45:07","slug":"maenner-2","status":"publish","type":"page","link":"https:\/\/bsv93magdeburg.de\/?page_id=237","title":{"rendered":"M\u00e4nner"},"content":{"rendered":"<p><a href=\"https:\/\/bsv93magdeburg.de\/maenner\/\">1. M\u00e4nner<\/a><\/p>\n<p><a href=\"https:\/\/bsv93magdeburg.de\/?page_id=5021\">2. M\u00e4nner<\/a><\/p>\n<p><a href=\"https:\/\/bsv93magdeburg.de\/?page_id=232\">3. M\u00e4nner<\/a><\/p>\n","protected":false},"excerpt":{"rendered":"<p>1. M\u00e4nner 2. M\u00e4nner 3. M\u00e4nner<\/p>\n","protected":false},"author":10,"featured_media":0,"parent":0,"menu_order":0,"comment_status":"closed","ping_status":"closed","template":"","meta":{"advgb_blocks_editor_width":"","advgb_blocks_columns_visual_guide":"","footnotes":""},"class_list":["post-237","page","type-page","status-publish","hentry","entry"],"coauthors":[],"author_meta":{"author_link":"https:\/\/bsv93magdeburg.de\/?author=10","display_name":"Jens Ziegler"},"relative_dates":{"created":"Ver\u00f6ffentlicht 8\u00a0Jahren vor","modified":"Aktualisiert 6\u00a0Monaten vor"},"absolute_dates":{"created":"Ver\u00f6ffentlicht am 28. September 2018","modified":"Aktualisiert am 29. Oktober 2025"},"absolute_dates_time":{"created":"Ver\u00f6ffentlicht am 28. September 2018 7:51","modified":"Aktualisiert am 29. Oktober 2025 20:45"},"featured_img_caption":"","featured_img":false,"series_order":"","_links":{"self":[{"href":"https:\/\/bsv93magdeburg.de\/index.php?rest_route=\/wp\/v2\/pages\/237","targetHints":{"allow":["GET"]}}],"collection":[{"href":"https:\/\/bsv93magdeburg.de\/index.php?rest_route=\/wp\/v2\/pages"}],"about":[{"href":"https:\/\/bsv93magdeburg.de\/index.php?rest_route=\/wp\/v2\/types\/page"}],"author":[{"embeddable":true,"href":"https:\/\/bsv93magdeburg.de\/index.php?rest_route=\/wp\/v2\/users\/10"}],"replies":[{"embeddable":true,"href":"https:\/\/bsv93magdeburg.de\/index.php?rest_route=%2Fwp%2Fv2%2Fcomments&post=237"}],"version-history":[{"count":4,"href":"https:\/\/bsv93magdeburg.de\/index.php?rest_route=\/wp\/v2\/pages\/237\/revisions"}],"predecessor-version":[{"id":5030,"href":"https:\/\/bsv93magdeburg.de\/index.php?rest_route=\/wp\/v2\/pages\/237\/revisions\/5030"}],"wp:attachment":[{"href":"https:\/\/bsv93magdeburg.de\/index.php?rest_route=%2Fwp%2Fv2%2Fmedia&parent=237"}],"curies":[{"name":"wp","href":"https:\/\/api.w.org\/{rel}","templated":true}]}}